he units digit of 6/g - (24120/28)/(-6)?
4
Let h be 9/21 + (-627)/(-7). Suppose -50 = -5*g + h. What is the tens digit of g?
2
Let y(g) = g**2 - 2*g + 9. What is the hundreds digit of y(12)?
1
Let q(k) = 11*k**3 + k**2 + 3*k - 9. Suppose -o + s = 0, s + 9 = 4*s. What is the hundreds digit of q(o)?
3
Suppose -5*q = -3*i + 1884, -i + q = 3*q - 639. What is the hundreds digit of i?
6
Let m be ((-12)/15)/((-2)/(-25)). Let x = -5 - m. Suppose -h + 50 = a, -x*a - 4*h + 266 = 12. What is the units digit of a?
4
Let u(o) = o**2 + 2*o - 5. Let r be u(-4). Suppose r*m - 33 - 21 = 0. Suppose -5*g + m = -2*g. What is the units digit of g?
6
Suppose 2*t - x - 4 = -11, -2*x - 18 = 4*t. Let k = t - -8. Suppose -2*v - 46 = -k*v. What is the units digit of v?
3
Suppose 5*k - 1153 = -2*q, -315 = 4*q - 5*k - 2636. What is the hundreds digit of q?
5
Let o(c) = 2171*c**2 - c + 3. What is the tens digit of o(-1)?
7
Let t be (-12 - -3)/(15/(-50)). Let p(s) = 3*s + 16. Let x be p(-7). Let v = t - x. What is the tens digit of v?
3
Let t = 36 - 40. What is the tens digit of ((-123)/(-6))/((-1)/t*2)?
4
Let y(p) = -15*p - 7. Let l be y(16). Let s = 363 + l. What is the hundreds digit of s?
1
Suppose 3*j - 14 = 5*f, 0*f + 4*f = j - 7. Let c be 3*j*(-476)/(-36). Suppose 5*r + 14 - c = 0. What is the units digit of r?
1
Let j = 27 + -27. What is the units digit of 1 - j - 220/(-4)?
6
Let h = -20 + 22. Suppose -2*f = -5*p - 13, -4*f = -2*p - h*f - 10. What is the units digit of -3 - (-69 + p + -2)?
9
Let k be (4/(-2))/(6 - 115/20). What is the hundreds digit of k/(-10)*5265/26 + 0?
1
Let z(b) = 21*b**2 + 6*b. Let q be z(-4). Suppose -53*d = -49*d - q. What is the units digit of d?
8
Let o(v) = -v**3 - 2*v**2 + 4. Let l be o(-3). Let c = 16 - l. Let a = c - -37. What is the units digit of a?
0
What is the tens digit of 17*6/(36/174)?
9
Let r be -113 - (-2 - (-5 - 0)). Let c = -55 - r. Suppose -9 - c = -5*n. What is the tens digit of n?
1
Let p = -239 - -564. What is the units digit of p?
5
Let t(b) = b**3 - 2*b**2 - 5*b - 16. Let s(z) = z**3 - 12*z**2 - 28*z + 5. Let h be s(14). What is the tens digit of t(h)?
3
Let q(a) be the first derivative of 4*a - 2 + 1/2*a**2. What is the units digit of q(-2)?
2
Let h be -6*(10/(-15) + (-2)/6). Suppose 2*w - 139 = -3*y, 0 = -2*w + h*w + 4*y - 288. What is the tens digit of w?
7
Suppose 17*b = 14*b - 3. Let w be 320/(-35) + b/(-7). Let z = 15 + w. What is the units digit of z?
6
Suppose -5*j + 290 = -3*v, -26 - 30 = -j + v. What is the units digit of j?
1
What is the tens digit of 2*9/(-12)*7444/(-3)?
2
Suppose -8*x = -6*x - 2. Let s = 7 + -7. Suppose b + s = -x, 5*g + b = 104. What is the tens digit of g?
2
Suppose 17356 + 15054 = 10*b. What is the thousands digit of b?
3
Suppose -8*s = 16*s - 8616. What is the tens digit of s?
5
What is the hundreds digit of ((55/10 - 4) + -1)*2394?
1
Let a(y) = y**2 - 3. Suppose 5*o - 7*o + 37 = 3*j, 2*o = -4*j + 48. What is the tens digit of a(j)?
1
Let s be -2 - (-16)/20*(-10)/(-4). Suppose 4*h = 8*h - 20. Suppose u + 111 = 5*u + 5*q, h*u - 4*q - 108 = s. What is the tens digit of u?
2
Suppose 7*m - 20 = 3*m. Suppose -2*u + 64 + 376 = m*b, -5*b - 3*u = -435. Suppose -4*t + 18 = -b. What is the tens digit of t?
2
Suppose -v = -2*u - 0*v, 4*v - 24 = -4*u. Let t(g) = g**3 - g**2 + 7. Let x be t(0). Let z = x + u. What is the units digit of z?
9
Let n = 2 + -14. What is the hundreds digit of ((-77)/42)/11 - 1454/n?
1
Suppose 0 = 4*c + 2 + 2, -a - 4*c = 2. Let v(t) = t + 28. Let q be v(14). Suppose -2 = -a*g + q. What is the tens digit of g?
2
Let l = -1523 - -2583. What is the units digit of l?
0
Let k(v) = -14*v - 4. Let h be k(-2). Suppose 2*c - 3*c = -h. What is the units digit of c?
4
Let x(c) = 8*c. Let l be x(-7). Let i = 120 + l. Suppose -5*j - 15 = 0, -m + i = -0*j - 4*j. What is the tens digit of m?
5
What is the tens digit of (-43)/129 + (-4624)/(-12)?
8
Let f(d) = 200*d - 87. What is the hundreds digit of f(6)?
1
What is the units digit of 7*(-2)/(-77) - 19002/(-33)?
6
Let r = 7 - 11. Let t be (2/8)/(r/(-48)). Suppose 96 = 3*w - 5*z, -5*w - t*z = -25 - 101. What is the units digit of w?
7
Let s = 2780 - 1883. What is the tens digit of s?
9
Let v(i) = -101*i**3 - i**2 - 2*i - 2. Let o(p) = 201*p**3 + 2*p**2 + 4*p + 4. Let f(j) = 4*o(j) + 9*v(j). What is the tens digit of f(-1)?
0
Let t(f) = f**3 - 6*f**2 - 11*f + 31. Let z be t(7). Suppose u = -4*u + 720. Suppose z*v - u + 33 = 0. What is the tens digit of v?
3
Suppose -5*a + 1924 = -a. Suppose 4*m - a = 5*x, 0*x = m + 5*x - 139. What is the tens digit of m?
2
Let a be ((-4)/(-18))/(6/(-18))*-6. Suppose -2*p + 17 = -p - a*v, -2*v = -3*p + 91. What is the tens digit of p?
3
Let t = -41 - -41. Suppose 2*r - 56 - 28 = t. What is the units digit of r?
2
Let m(c) = 4*c**2 - 12*c - 119. What is the tens digit of m(14)?
9
Let y = 1397 - 581. What is the units digit of y?
6
Let j(l) = 179*l - 19. Let n be j(11). Suppose 22*q - 7*q - n = 0. What is the units digit of q?
0
Let y(v) = -v**3 + 18*v**2 + 19*v + 5. Let o be y(19). Let f(s) = 9*s**2 - s**2 - s**3 - 3 - 2. What is the units digit of f(o)?
0
Let u(q) = 14*q**2 + q. Let l be 175/(-30) - (-1)/(-6). Let k be ((-16)/(-20))/(l/15). What is the units digit of u(k)?
4
Let u = -1297 + 2913. What is the units digit of u?
6
Suppose -8*n + 112 = -7*n. Suppose -325 = 2*a - 7*a. Let w = n - a. What is the tens digit of w?
4
Suppose 0 = 2*r + 6. What is the units digit of 2/4*-4*r?
6
Let k(w) = 14*w - 14. Let u(r) = -r**2 + 10*r + 22. Let z be u(12). Let l(a) = -13*a + 14. Let b(g) = z*k(g) - 3*l(g). What is the tens digit of b(8)?
7
Let l(u) = u**3 - 3*u**2 - 4*u - 6. Let s be l(5). Suppose -3*f = 2*f + 10. What is the units digit of 222/s + f/8?
9
Suppose -5*l - 700 = -z + 420, 3*z = 5*l + 3330. What is the thousands digit of z?
1
Let z be (-11)/(-4)*4*22. Let v = 378 - z. Suppose v = -12*y + 16*y. What is the units digit of y?
4
Let b be 5/5 - 83*-1. What is the tens digit of 7860/b - 3/(-7)?
9
Suppose -4533 = -8*j + 4003. What is the tens digit of j?
6
What is the tens digit of 709156/129 + 2/3?
9
Let b = 3581 + -2400. What is the thousands digit of b?
1
Suppose 0 = 17*g - 18*g + 5*t + 232, 4*g - 868 = 5*t. What is the units digit of g?
2
Let v be (-2)/6 - (-21)/9. Let l be v/(-17) - (-2900)/85. Suppose 2*p = 3*m - l, -3*m = -3*p - 21 - 18. What is the units digit of m?
8
Suppose -7*s + 17*s = 5280. What is the units digit of s?
8
Suppose -3 = k + x, 2*x = x - 2. Let d(q) = -9*q - 5. What is the units digit of d(k)?
4
What is the thousands digit of 2430 + (-61)/21 + (-8)/84?
2
Suppose 539 = -23*b + 194. Let t be (16/(-5))/(1/(-5)). Let h = b + t. What is the units digit of h?
1
What is the tens digit of 9295/3 - (-23)/((-552)/8)?
9
Let t = -408 - -1765. What is the thousands digit of t?
1
Suppose 18136 + 1142 = 18*s. What is the tens digit of s?
7
What is the units digit of (190/8)/(2/8)?
5
Let x(y) be the third derivative of y**4/12 - 8*y**2. Let o be x(9). Suppose 4*c - o = 2*c. What is the units digit of c?
9
Suppose 0 = -2*k + 2 - 0. Let o(g) = -1 - g**2 + k + 4 + g. What is the units digit of o(0)?
4
Let g = 0 + 5. What is the tens digit of -59*((0 - g) + 4)?
5
Let t = -4 + 7. Let r be (-3)/(4/(-9 - t)). Let n(p) = p**3 - 10*p**2 + 11*p - 11. What is the units digit of n(r)?
7
What is the units digit of ((-12282)/92)/((-3)/2 - -1)?
7
Let y be 5/10*0/2. Let g be 1/(-2)*(y - 0). Suppose g*s - 41 = -2*c + s, 3*c - 4*s - 49 = 0. What is the units digit of c?
3
Let p = 0 - 10. What is the units digit of 2 + (-988)/p - (-4)/20?
1
Let c = 35 - 13. Suppose -4*u = c + 34. What is the tens digit of 2/(-14) + (-156)/u?
1
Let h(i) = 5*i - 1. Let u be h(1). Suppose -u*y + 73 = -3*s, 4*y - 86 = 5*s - 15. What is the tens digit of y?
1
Let l = -61 + 492. What is the hundreds digit of l?
4
Let w(v) = 16*v**2 + 1. Let y be w(-2). Suppose 0*o - y = -o. What is the units digit of o?
5
Suppose 67*r + 11166 = 5*p + 68*r, 5*r = -20. What is the thousands digit of p?
2
Suppose -29*m + 859 = -114619. What is the units digit of m?
2
Suppose 0 = -2*d - 2*t + 1024, 2*d = -2*d + 4*t + 2072. Suppose 0 = b - 4*n - 178, -3*n = -2*b - 174 + d. What is the hundreds digit of b?
1
Let c = 0 + -6. Suppose l = 5*s + 1, 0 = -4*l 